ine f(-9).
-7
Let x = -438 - -437. Let t(a) = 2*a. Determine t(x).
-2
Let k(y) = 3*y**2. Let u(r) = -13*r**2 + 14*r + 57. Let a(t) = 4*k(t) + u(t). Calculate a(17).
6
Let v be (-2)/3*(5 + -8). Let x = -171 - -174. Let z(p) = -p**x - 9*p**2 + 0*p**3 + 8 - 5*p - 1 + p**v. Give z(-7).
-7
Let t be 18*((-4)/20 - (-52)/60). Let d(b) = -b + 14. Give d(t).
2
Let f(p) = -57*p**2 + 4*p - 13. Let a(c) = -49*c**2 + 4*c - 12. Let q(k) = -7*a(k) + 6*f(k). Give q(4).
6
Let w(x) = -2*x + 9. Let g be w(-8). Let l(v) = 10 + v**3 + 19 - g - 3*v**2. Determine l(3).
4
Let a = -31 - -27. Let d(u) be the second derivative of -u**4/12 - 5*u**3/6 + u**2/2 + 20*u. Give d(a).
5
Let w = 587 + -583. Let a(n) = n**3 - 3*n**2 - 2*n. Calculate a(w).
8
Let r(l) = -l**2 - 4*l + 13. Let s(b) = 3*b**2 + 11*b - 37. Let c(g) = -17*r(g) - 6*s(g). Give c(-3).
-14
Let w(i) be the third derivative of -i**6/120 + i**5/10 - i**4/8 + 5*i**3/6 - 402*i**2. Determine w(6).
-13
Let k be 1890/231 - 2/11. Let a(p) = p**3 - 7*p**2 - 7*p - 7. Determine a(k).
1
Let l(j) = -j**2 + 5*j + 1. Let n(u) = -u**2 + 8*u + 6. Let c(s) = -s**3 + 8*s**2 - 14*s + 3. Let x be c(5). Let h be n(x). Calculate l(h).
-5
Let i(k) = 5*k**2 - 1. Suppose -3*u + 28 = -23. Suppose -4*r = -82 + 10. Let w = r - u. What is i(w)?
4
Let h(j) = j**3 + j. Let b(w) = -3*w**3 + 4*w**2 + 5*w + 2. Let c(g) = b(g) + 2*h(g). Calculate c(6).
-28
Suppose 0*y - 4*y + 8 = 2*l, -2*y = -3*l - 4. Suppose -2*s + 2*k + 15 = -3, -4*s - 5*k + 9 = 0. Let t(j) = -1 - 3 + j**2 - 1 + s. Calculate t(l).
1
Let m(s) = -s**2 + 7*s + 2. Suppose -6*w + 8 + 4 = 0. Suppose -3*t = w*n - t - 2, -4*n - t = -13. Calculate m(n).
14
Let o(l) = 46*l + 16. Let r(p) = -33*p - 11. Let c(v) = -5*o(v) - 7*r(v). Determine c(2).
-1
Suppose 0 = -2*w - 2*w. Suppose b - 4 + 1 = w. Let r(n) = -3*n + 8*n - n**2 - 2 - 13 + 11. Give r(b).
2
Let o(z) = z**2 + 2. Suppose 0 = -5*g + 5*v - 70, -4*v = -2*v - 10. Let m be g/(-4) + (-2)/8. Suppose 2*k + 9 = -3*j, k + j = m - 5. What is o(k)?
2
Let v be (0 - -1) + -1*(-1 - -7). Let b(i) = -20*i**2 + 5*i. Let o(p) = 7*p**2 - 2*p. Let x(a) = -6*b(a) - 17*o(a). What is x(v)?
5
Let c(i) = -i**2 - 10*i - 12. Suppose p = h - 7 - 7, -h + 5 = 0. Let v be c(p). Let t(n) = -n - 2. Give t(v).
1
Let b(c) = -c**3 + 5*c**2 - 1. Let g(l) = 7*l - 87. Let t be g(12). Let i = 1 - 0. Let r be 1 - (t + i + -2). Give b(r).
-1
Let n be (-3)/15 - (-52)/240. Let a(d) be the third derivative of -5/24*d**4 + n*d**5 + 0 - 2*d**2 + 0*d + 5/6*d**3. What is a(4)?
1
Let z(v) = v**3 + 9*v**2 - 25*v - 33. Let m be z(-11). Let n(i) = i**2 + i + 15. What is n(m)?
15
Let i = 48 + -46. Let d(l) = -179 + i*l**2 + 182 - 6*l - l**2. Calculate d(6).
3
Let c = 1329 - 1328. Let t(k) = -4*k**3 - 3*k**2 + 1. What is t(c)?
-6
Let w(k) = -9*k**3 + 23*k**2 - k - 12. Let h(g) = -5*g**3 + 12*g**2 - g - 6. Let c(z) = 11*h(z) - 6*w(z). Calculate c(-5).
6
Let g(w) = w**3 + w**2 - w + 3. Suppose -27 = 8*x + 5. Let n(v) = -v**3 - 4*v**2 + 2*v + 5. Let c be n(x). What is g(c)?
-12
Let g(x) = x**2 - 14*x + 30. Let p be g(14). Let w(o) = o**2 + 27 + p - o**3 - 70. Calculate w(0).
-13
Let x(v) be the first derivative of -v**3/3 - 4*v**2 - 335. Let n(t) = -t**2 - 2*t + 1. Let k be n(2). Give x(k).
7
Let n(q) = -q**3 + 6*q**2 + 6. Suppose 2*l - 78 = l + 2*p, -3*l + 249 = -p. Let r = l - 78. Give n(r).
6
Let p(h) = h**2 - h - 2. Let g be (-1)/(-3) - (-53)/3. Let r be g/(-8)*24/(-18). What is p(r)?
4
Let j(z) = 3*z - 11. Let k be (0/(8 + -7))/4. What is j(k)?
-11
Let g(s) = 6*s**3 + 13*s**2. Let l(w) = 3*w**3 + 7*w**2. Let n be 45/6 - (-3)/(-2). Let m(i) = n*g(i) - 11*l(i). Let d be -1*2*1/2. What is m(d)?
-2
Let w(c) = 3*c**3 + 3122*c + 9*c**2 + 6*c**3 + 3*c**3 - 11*c**3 - 3118*c + 30. What is w(-9)?
-6
Let h(g) = g - 15. Let j be h(10). Let l(q) = -q**2 - 8*q - 6. Determine l(j).
9
Suppose -y = -2*q + 2*y - 8, 3*y = q + 10. Let u(w) = -w**3 + 4*w**2 + 11*w + 8. Let g be u(6). Let o(z) = 3*z - 1 - z**g + 0 + 3*z + z**3 - 8*z. Give o(q).
-1
Let z(l) = 6*l**3 - 2*l**2 - 2*l - 1. Let r(t) = -t**3 + 15*t**2 + t + 23. Let y be r(15). Let f = -39 + y. Determine z(f).
-7
Let s(z) = -z**2 - 24*z + 29. Let f be s(-25). Let n(q) be the second derivative of -1/20*q**5 + 0 - q + 1/3*q**3 + 1/4*q**4 + 2*q**2. Determine n(f).
-4
Let l(u) be the first derivative of u**2/2 + 16*u - 2. Let b(s) = -3. Let j(x) = -22*b(x) - 4*l(x). What is j(-2)?
10
Suppose 49*x = 50*x - 4. Let t(l) = 4*l + 2. Calculate t(x).
18
Let q(k) = 3*k + 37*k**3 - 15 + 8 - 38*k**3 + 5*k**2. Calculate q(6).
-25
Let o = -300 + 306. Let u(y) = -7 + 2*y + 0*y - 3*y**3 - y**3 + 6*y**2 + 3*y**3. Calculate u(o).
5
Let l(o) be the second derivative of 1/3*o**3 - 35*o + 0*o**2 + 0. Calculate l(-1).
-2
Let b be 4/(-14)*1*-14. Let d(t) = t**2 - 15*t + 18. Let a(q) = q**2 - 16*q + 20. Let k(c) = b*d(c) - 3*a(c). Determine k(11).
1
Let o(h) be the second derivative of -h**4/6 - h**3/3 + 5*h**2 + 139*h. What is o(0)?
10
Let w(j) = 35*j - 3. Let p(b) be the first derivative of 6*b**2 - b + 14. Let r(a) = -8*p(a) + 3*w(a). Determine r(-1).
-10
Let g(q) = q**2 + 10*q - 6. Let d be 8/3 + 42/(-63) + -11. What is g(d)?
-15
Let o(i) = -i**2 - 5*i - 1. Suppose -1 = -s - 3*q, s - 3 = 5*q - 2. Suppose 19 = -5*g - s. Give o(g).
3
Let w(s) = -s + 4. Let c(u) = -3. Let n(d) = 3*c(d) + 2*w(d). Let o be 1*((-2)/(-5) + (-148)/20). Let p be (-6)/(-21) - (2 - 9/o). Calculate n(p).
5
Let n(v) = 3*v - 12. Let r = -801 + 808. What is n(r)?
9
Let a(h) = -h - 5. Let x = -3 + 16. Suppose -7 - x = -5*d. What is a(d)?
-9
Suppose 15*x - 4 = 11*x. Let j(a) = 26*a - 5. Let r(w) = -5*w + 1. Let k(n) = -2*j(n) - 11*r(n). Give k(x).
2
Let m(t) = -t**2 + 6*t + 3. Let u = -641 + 645. What is m(u)?
11
Let h(n) be the third derivative of n**5/60 - n**4/8 + n**3/6 - 73*n**2 + 9*n. Suppose 15 = 3*q - 0. What is h(q)?
11
Let f(h) = -17*h - 2. Let r(v) = -19*v - 3. Let c(l) = -4*f(l) + 3*r(l). What is c(1)?
10
Let j(d) be the second derivative of 0*d**3 - 1/360*d**6 + 0 + 1/20*d**5 + 14*d + 0*d**2 - d**4. Let u(b) be the third derivative of j(b). What is u(5)?
-4
Let r(i) = i - 11. Let m(s) = -s**3 + 1. Let g be m(1). Suppose 3*u - 2*z - 10 = 0, 5 = 2*u - z - g. Calculate r(u).
-11
Let v(q) be the third derivative of 0*q + 1/6*q**3 + q**2 - 1/24*q**4 + 0 - 1/60*q**5. Give v(0).
1
Let c(y) = -1. Let b be 114/7 + (-4)/14. Let h = b - 21. Let u(n) = n - 5. Let i(j) = h*c(j) + u(j). What is i(-1)?
-1
Let p(s) = -s**3 + 8*s**2 - 6*s + 1. Let h(j) = j + 6. Let z be h(1). Determine p(z).
8
Let x(u) = -u**3 - 3*u**2 - u. Let n be x(-3). Let y(l) = -5*l**2 - l**3 + 0*l + 0*l - n + 2*l**2. Let g = 10 - 13. What is y(g)?
-3
Let m(i) = i. Let y(d) be the second derivative of -13*d**3/3 - d**2/2 - 22*d. Let j(z) = 6*m(z) + y(z). Give j(-1).
19
Let g(q) = -8*q**2 - 3*q + 1. Let j(f) = 10*f**2 + 3*f - 1. Let c(m) = -6*g(m) - 5*j(m). What is c(3)?
-10
Let d(c) = -c**3 - 2*c**2 + 4*c. Let g = 2 + 10. Suppose -g - 6 = 6*t. Give d(t).
-3
Let g(z) be the third derivative of -z**6/120 + z**5/12 + 5*z**4/12 - z**2 + 369*z. Give g(7).
-28
Suppose 5*v + 3*x - 5 = 4*x, 0 = v + 3*x - 1. Let p(z) be the third derivative of -z**5/30 + z**3/6 + 2*z**2. Give p(v).
-1
Suppose -5*z + 0*u = -5*u - 415, 261 = 3*z + u. Let r(j) = -85*j + j**2 + j**2 - 1 + z*j. What is r(1)?
2
Suppose 223*g - 230*g = -28. Let t(v) = -2*v - 2. Determine t(g).
-10
Let u(h) = -14*h + 9 - h**3 - 5*h - h**2 + 18*h - 3. Calculate u(0).
6
Let w(z) be the second derivative of z**2 + 1/2*z**3 + 0 - 13*z. What is w(-2)?
-4
Let b(w) = 2*w - 9. Let z be b(5). Let d(l) = -20*l - 20*l + z + 44*l. What is d(-1)?
-3
Let n(s) = 22*s - 18. Let v(l) = 26*l - 17. Let k(r) = 6*n(r) - 5*v(r). Give k(13).
3
Let r(p) = -7*p**2 + 1. Let t be r(1). Suppose 3*l - 5 = m + 4, 0 = -4*l - 2*m + 2. Let q(i) = 5*i**l - 7*i + 3 + i**2 - 9*i**2 + 2*i**2. What is q(t)?
9
Let p be 2*-2*25/(-20). Let m(t) = 4*t - 4*t - p*t + 4*t + 14. Give m(12).
2
Let w(b) = -b**3 - 6*b**2 - 12*b - 10. Let l be 168/(-504) - 11/3. Determine w(l).
6
Let x(w) = w - 3. Let q(g) = -20*g**3 - g. Let r be q(-1). Let a(s) = -s**3 + s + 16*s**2 + 6*s - r*s**2 + 6. Let i be a(-6). Determine x(i).
-3
Let r be -3*(-2)/6*-41. Let j = 25 + r. Let w be -2*4/j*-14. Let a(u) = u**3 + 7*u**2 - u - 5. What is a